f x.
13
Suppose 0 = -31*z + 29*z + 22. Suppose -83 + z = -2*n. List the prime factors of n.
2, 3
Suppose g - v - 161 = 0, -v - 3*v - 170 = -g. What are the prime factors of g?
2, 79
Let y(f) = f**2 + 51*f - 61. List the prime factors of y(28).
3, 239
Let w be (-1 + (-6)/(-4))*(68 + -234). List the prime factors of (-5 - w) + 4/(-1).
2, 37
Suppose 7*t - 12*t = -610. Suppose -3 - t = -5*u. List the prime factors of u.
5
Let g be 3/2*(8 - -6). Let i(h) = -2*h**2 - 2*h + 2. Let o be i(-3). Let n = o + g. What are the prime factors of n?
11
Let d(i) = -311*i**3 + 3*i**2 + 4*i + 2. Let u be d(-1). Let x = u + -142. List the prime factors of x.
2, 5, 17
Let a(k) = 5*k + 10. Let v be 1*2 + (-3 - -4). Let w(y) = 9*y + 21. Let d(t) = v*w(t) - 7*a(t). List the prime factors of d(-5).
3, 11
Suppose -5*h - 167 = -22. Let n = -52 - -49. Let b = n - h. List the prime factors of b.
2, 13
Let z = 13 - 5. Suppose z = 5*d - 17. Suppose 228 = d*q - 12. What are the prime factors of q?
2, 3
List the prime factors of (216/(-48))/(2/(-36)).
3
Let u(d) = 2*d - 11. Let h(l) = 6*l**2 - 3*l - 3. Let i be h(-1). Let r be u(i). What are the prime factors of r/(-2)*(-27 - -1)?
13
Let y = 203 + -319. Let s = y + 391. List the prime factors of s.
5, 11
Suppose 78 = -47*o + 50*o. Suppose 42 = 5*b - h, -3*h + 12 + 14 = 4*b. Suppose -3*t + o = b. List the prime factors of t.
2, 3
Let u(x) = x**2 - 25*x - 8. What are the prime factors of u(-10)?
2, 3, 19
Suppose 4*z = -m + 49, 0 = m - 3*m + 2*z + 68. Let f = m + -3. What are the prime factors of f?
2, 17
Let o = -112 - -412. List the prime factors of o.
2, 3, 5
Suppose -2*r - 270 = -2*x, -4*x + 0*r - 3*r + 568 = 0. List the prime factors of x.
139
What are the prime factors of 7656/30 - (-2)/(-10)?
3, 5, 17
Let w be -2 - 1 - (-3)/1. Suppose w*p - 36 = -3*p. What are the prime factors of p?
2, 3
Suppose 4*g = -k, 5*k - 5*g + 20 = 45. Suppose -k*a + 3*i = -308, -3*i + 308 = 7*a - 3*a. What are the prime factors of a?
7, 11
Suppose g - 3*x - 1306 = 0, -5*g + 4286 = -3*x - 2280. List the prime factors of g.
5, 263
Let s(u) = -50*u**3 + 21*u**3 + 1 + 19*u**3 - 2*u**2. What are the prime factors of s(-1)?
3
Suppose 0*s - 2*s + 186 = -4*i, -5*i - 108 = -s. Let o = s + -47. Let k = o - 19. What are the prime factors of k?
17
Let o(m) = 12*m - 3 - 13*m + 3*m**2 - 5*m. What are the prime factors of o(6)?
3, 23
Let q(k) = -k**3 - 12*k**2 + 14*k - 6. Let n be q(-13). Let i(c) = -c**3 - 20*c**2 - 23*c - 7. What are the prime factors of i(n)?
3, 23
Let c = -3301 + 5040. List the prime factors of c.
37, 47
Let r = 1169 - -11. What are the prime factors of r?
2, 5, 59
Let d = 2963 - -332. What are the prime factors of d?
5, 659
Let i(b) = 4*b**2 + 5*b - 13. What are the prime factors of i(5)?
2, 7
Let s = 386 - 296. List the prime factors of s.
2, 3, 5
Let z = 40 - 15. Suppose s - z = 86. What are the prime factors of s?
3, 37
Let h be (7/(-4))/((-2)/8). Let m = 69 - 75. What are the prime factors of m/21 + 156/h?
2, 11
Let z = 38 - 23. Suppose 5*w - 60 = 4*w - 3*u, 5*u = 3*w - 110. Suppose w = 3*b + z. List the prime factors of b.
2, 5
Let k = 1 + 3. Suppose 2*z + 4*v + 17 = -1, 12 = -k*v. What are the prime factors of (0 - -32) + (z - -4)?
3, 11
Let r(d) = 3 + 1 + 232*d**2 - 7 - 2*d. List the prime factors of r(-1).
3, 7, 11
Suppose -5*s + 4*k - 143 + 569 = 0, 2*s + 5*k = 144. Let f = -80 + s. What are the prime factors of f?
2
Suppose -274 + 42 = -8*k. What are the prime factors of k?
29
What are the prime factors of (6 + (-2230)/(-40))/((-1)/(-4))?
13, 19
Suppose -4*a - 2012 = 2*z - 6*z, 3*z - 1507 = 5*a. List the prime factors of z.
2, 3, 7
Suppose m - 6*m = -20. Let t(r) = 24 - 4*r + r + m. List the prime factors of t(-14).
2, 5, 7
What are the prime factors of 1001 + (-1)/(1/(-6)*-6)?
2, 5
Let g = 389 + -287. What are the prime factors of g?
2, 3, 17
Let m be ((-6)/(-15))/((-1)/50). Let f = 22 + m. Suppose -f*g + 10 - 4 = 0. List the prime factors of g.
3
Let d(c) be the third derivative of -c**4/24 - c**3/2 + 12*c**2. What are the prime factors of d(-7)?
2
Let j(i) = 4*i**2 - i**3 - 9 + 22*i + 2*i**2 - 20*i. Let g be j(6). Suppose -g*d - 29 = -224. What are the prime factors of d?
5, 13
Let k(z) = z**2 - 10*z - 21. Let v be k(12). Suppose 2*d + 4*r - 94 = 0, 3*d - v*r - 127 = -2*r. List the prime factors of d.
43
What are the prime factors of ((-210)/(-35))/((-4)/(-578))?
3, 17
Let y = 3 - -1. Suppose y*g - 10 + 2 = 0. What are the prime factors of ((-14)/(-8))/(g/24)?
3, 7
Let k = -43 + 51. What are the prime factors of 1 + 50*44/k?
2, 3, 23
Suppose -5*k - 45 = -5*y, 0 = -3*y + 2*y - 2*k - 6. Suppose y*d = 100 - 8. List the prime factors of d.
23
Suppose 4*l - 44 = -0*l. Let n(u) = -5*u**2 + 3*u**2 - 9*u + 2*u**2 + u**2 - 2. List the prime factors of n(l).
2, 5
Suppose -3*w - 2*w - 15 = 0. Let g(l) be the second derivative of l**4/4 + 3*l**2/2 - 25*l + 2. What are the prime factors of g(w)?
2, 3, 5
Suppose -4*k = 5*q - q - 10340, 2*q + k - 5173 = 0. What are the prime factors of q?
2, 647
Let v = -7 - -9. Suppose -5*y - 5*q = -4*y - 16, 3*y - 2*q - 99 = 0. Suppose -y = -v*n - 5*m + 48, 4*n - 223 = 3*m. What are the prime factors of n?
2, 13
Let x(t) be the first derivative of 5*t**3/3 - 7*t**2/2 + 2*t - 400. Let k(u) = u**3 + 5*u**2 + 2*u - 4. Let s be k(-4). What are the prime factors of x(s)?
2, 3
Let z(q) = q**2 - 8*q - 4. Let m be z(9). What are the prime factors of 1424/80 + 1/m?
2, 3
Let h be 9/(-6) + (-14)/(-4). List the prime factors of -4 - (-28)/(8/h).
3
Let q(s) = 55*s + 60. List the prime factors of q(7).
5, 89
Let m = -6 - -8. Let y(t) = -20*t**2 - 6*t**2 + 2 - 2*t + 96*t**m. What are the prime factors of y(1)?
2, 5, 7
Let o be (-20074)/(-18) + (-1)/(-18)*-4. Suppose -8*i + o = -3*i. List the prime factors of i.
223
Suppose -2*s - 26 = -3*o, 0 = 3*s + o - 9 + 37. Suppose 5*d - 3*d + 5*a + 67 = 0, 2*a + 95 = -3*d. Let c = s - d. List the prime factors of c.
3, 7
Let b(h) = -12*h + 81. List the prime factors of b(-11).
3, 71
Suppose -5*u - 2 = -6*u. Let v(x) = -x**u + 2*x**2 - 3 + x - 1 + 7*x. What are the prime factors of v(-10)?
2
Let q(x) = -82*x**3 - x**2 - 9*x - 12. List the prime factors of q(-2).
2, 7, 47
Suppose -5*v - 4*h = -4*v - 219, 5*v - 4*h - 1167 = 0. List the prime factors of v.
3, 7, 11
Let v(b) = 17*b - 8. Let h be v(4). Let w = 154 - h. What are the prime factors of w?
2, 47
Let i = -421 - -803. Suppose 10*w - 238 - i = 0. What are the prime factors of w?
2, 31
Let s(q) = -q**3 - 3*q**2 - 5*q. Let g be s(-4). Suppose -4*x = 4*o - 56, -2*o + 79 = -6*x + 11*x. Let i = g + x. List the prime factors of i.
53
Let x be (2 - 1)*1*(-2 - -7). Suppose -x*t + 93 = -62. List the prime factors of t.
31
Let b = -8 - -5. Let a(q) = -5*q + 7 - 9 - q + 0*q - 9*q. List the prime factors of a(b).
43
Let h = -17 + 20. Let l(g) = h*g + 4*g + g + 0*g - 18. List the prime factors of l(8).
2, 23
Suppose 0 = -5*j - 0*j + 360. Suppose -27 = -3*v + j. List the prime factors of v.
3, 11
Let h = 8470 + -5128. What are the prime factors of h?
2, 3, 557
Let v(k) = 558*k - 22. List the prime factors of v(4).
2, 5, 13, 17
Let p = 715 + -425. List the prime factors of p.
2, 5, 29
Let k(x) = -2*x**2 - 11*x - 7. Let n be k(-4). Suppose 3*q = -2*h + 385, n*h - 55 = -q + 69. What are the prime factors of q?
3, 43
Let m(t) = t**2 + 11*t + 18. Suppose 2*n - 1 = -27. Let o be m(n). Let k = o - 33. What are the prime factors of k?
11
Let m = -687 - -1040. Suppose -m = -5*q + 2*p - p, 3*q - 205 = 4*p. List the prime factors of q.
71
Let i = 65 - 41. Suppose -i = 4*o + 16. Let b = o + 37. What are the prime factors of b?
3
Suppose -v + x + 1365 = 0, 5*x - 10*x + 6875 = 5*v. What are the prime factors of v?
2, 5, 137
Let w(y) = 20*y**2 + 2*y + 1. Let z(s) = s**3 + 3*s**2 + s + 1. Let v be z(-2). Suppose v*d = -d - 4. List the prime factors of w(d).
19
Suppose 0 = 3*m - 1804 + 403. What are the prime factors of m?
467
Suppose 5*k - 5*u = 45, -28 - 11 = -4*k + 5*u. Let n be (-2)/4 - (-125)/50. Suppose 2*f = -g - n, 5*f + k = -2*g - 3. List the prime factors of g.
2
Let s(j) = 2*j - 6. Let a be s(6). List the prime factors of -1 + 3/a*82.
2, 5
Let d(z) = 2*z**2 + 49*z + 36. List the prime factors of d(-30).
2, 3, 61
List the prime factors of ((1296